pose r*s - 10*s + 1896 = 0. What are the prime factors of s?
3, 79
List the prime factors of (13 - (-15 - -2))/(2/566).
2, 13, 283
Let y(x) = 189*x - 1113. What are the prime factors of y(43)?
2, 3, 7, 167
Suppose -12 = -6*q - 0*q. Suppose 2*k = 7*d - 3*d + 86, q*k - 72 = -3*d. Let v = k + -9. What are the prime factors of v?
2, 3, 5
Suppose 4*f = -6*u + 22003 + 25737, -5*f = 5*u - 39790. List the prime factors of u.
2, 41, 97
Suppose -2756*c = -2767*c + 18766. What are the prime factors of c?
2, 853
Let w be (-1)/(-10)*-6*(6 + 9). Let a(m) = 6*m**2 + 24*m + 17. What are the prime factors of a(w)?
7, 41
Suppose -5*k = -0*k - 4*v + 20, 2*k + 2*v = 10. Suppose k = 3*d - 521 - 427. What are the prime factors of d?
2, 79
Suppose h - 39793 = -4*q + 2*q, -79586 = -2*h - 3*q. What are the prime factors of h?
13, 3061
Suppose 0 = 31*o - 684687 + 157129. What are the prime factors of o?
2, 67, 127
Let h = 5113 - 3997. What are the prime factors of h?
2, 3, 31
Suppose -u + 0*u + 6 = z, 3*z = 5*u + 2. Suppose i + 900 = z*i. Suppose 6*p - 300 - i = 0. List the prime factors of p.
2, 5
Let o(y) be the third derivative of 19*y**5/30 + 2*y**4/3 + y**3/2 + 3*y**2 + 8*y. What are the prime factors of o(4)?
3, 5
Let t(w) = 33*w - 161. Let n be t(3). Let l = 880 + n. List the prime factors of l.
2, 409
Suppose t + 38665 = -38*c + 39*c, -c + 5*t + 38657 = 0. List the prime factors of c.
3, 12889
Suppose -115*f + 101*f - 25774 = 0. Let b = 2663 + f. What are the prime factors of b?
2, 3, 137
Let i be ((-4)/(-4))/((-12)/(-60)). What are the prime factors of 115/i - -5*1?
2, 7
Suppose -4*q + 13 = 3*y, q = -5*y - 2*q + 18. Suppose 0 = -k + 4*l + 19, -5*l + y*l = -4*k + 34. Suppose -11*w = -k*w - 368. What are the prime factors of w?
2, 23
Let c(x) = -3*x**2 + 9*x - 12. Let g be c(6). Let o = g + 66. List the prime factors of (49/(-7) - -10) + 149 + o.
2, 19
Let y(l) = 3*l + 28. Let d(x) = 2*x + 19. Let i(j) = 7*d(j) - 5*y(j). Let z be i(-6). List the prime factors of z + 130 - (-5)/1.
2, 67
Let c(b) = -2*b**2 - b + 8. Let n be c(-4). Let z = n + 24. Suppose -3*i - 2*a = -z*a - 73, -i + 4*a = -41. List the prime factors of i.
3, 7
Let k(l) = 1764*l**2 - 19*l - 3. What are the prime factors of k(-1)?
2, 5, 89
Suppose q - 4*s - 5303 = 0, -10642 = -2*q - 42*s + 41*s. What are the prime factors of q?
3, 197
Let i = 738 + 3565. List the prime factors of i.
13, 331
What are the prime factors of (5*6/(-20))/(3*(-2)/63944)?
2, 7993
Let k(o) = -5*o**3 - 25*o**2 + 18. Let d(p) = 9*p**3 + 50*p**2 - p - 35. Let g(q) = 4*d(q) + 7*k(q). Let r = -19 + -6. List the prime factors of g(r).
2, 43
Let h(d) = 25*d**3 + 13*d**2 - 108*d + 1019. What are the prime factors of h(15)?
181, 479
Let z be ((-24)/(-48))/((-2)/(-676)). Suppose -5*s - 3*d = -4*d - z, 0 = -3*s - 2*d + 91. List the prime factors of s.
3, 11
Let o = -55356 - -93306. List the prime factors of o.
2, 3, 5, 11, 23
Let a(l) = 102*l**2 + 34*l - 78. List the prime factors of a(9).
2, 3, 5, 283
What are the prime factors of 26285 + -5 + 17/1?
26297
Suppose k - 10962 = -3*q - 2*k, q = -5*k + 3658. List the prime factors of q.
13, 281
Let p be 6*(-5)/15 - 4/(-1). Suppose -4*b + p*g + 9 + 43 = 0, 2*b + g = 22. Suppose -2*i = -b*i + 1760. What are the prime factors of i?
2, 11
Suppose -2*k - 15 = -5*k. Suppose 0*c - k*s + 460 = 4*c, 4*c - 2*s - 488 = 0. Suppose 2*b - c = f, 2*b + 0*f = -5*f + 96. What are the prime factors of b?
2, 29
Suppose 2*y + 3*u - 31125 - 18251 = 0, 4*y = -3*u + 98734. List the prime factors of y.
23, 29, 37
Suppose 1427 = -3135*d + 3136*d. What are the prime factors of d?
1427
Let k(i) be the third derivative of -7*i**6/144 - i**5/120 - i**4/12 + 16*i**2. Let n(h) be the second derivative of k(h). What are the prime factors of n(-2)?
3, 23
Let i = -152 + 143. Let w be (-12)/(-3) - (i + 10). Suppose 4*u - j = -u + 1116, 2*j + 671 = w*u. What are the prime factors of u?
223
Let k(i) = 22147*i**2 + 47*i + 44. What are the prime factors of k(-1)?
2, 173
Let y(d) = d**3 + 11*d**2 + 2*d - 3. Let c be y(-10). Let v be (4/8)/(1 - (-55)/(-54)). Let x = c + v. List the prime factors of x.
2, 5
Let o(a) = -a**2 - 14*a + 35. Let i be o(-16). Suppose i*q - 463 - 1712 = 0. List the prime factors of q.
5, 29
Let n(g) = 3*g - 85. Let z be n(33). Let o(r) = 2*r + 50. What are the prime factors of o(z)?
2, 3, 13
Let r(a) = 207*a + 7987. List the prime factors of r(0).
7, 163
Let b(i) = -34*i + 15. Let x be b(-3). Suppose -x*p - 6897 = -128*p. List the prime factors of p.
3, 11, 19
Suppose -207*q + 619038 = -88*q. What are the prime factors of q?
2, 3, 17
Let w = -699 - -704. What are the prime factors of (336*w - -6) + 3?
3, 563
List the prime factors of ((60/27)/(2/(-6)))/((-4)/9012).
2, 5, 751
Suppose -2*d - 96862 = -4*l + 113688, l + 3*d = 52620. List the prime factors of l.
3, 5, 11, 29
Suppose m + 342 = d, m = 6*m - 30. What are the prime factors of d?
2, 3, 29
Let r(p) = p**2 + 12*p + 3. Let d be r(-12). Let w = 2 + d. Suppose -2*h + n - 6*n + 223 = 0, n - 615 = -w*h. What are the prime factors of h?
2, 31
Let n(h) be the third derivative of -h**6/120 - h**5/10 + h**4/6 - 3*h**3 - 27*h**2. What are the prime factors of n(-9)?
3, 7
Suppose -s - 56 = -3*q - 0*q, 0 = 2*q + s - 39. Suppose -8 = -5*g + 4*p, -2*g + 2 + 21 = 5*p. Suppose g*k - 37 = q. List the prime factors of k.
2, 7
Let d(p) be the first derivative of 5*p**2/2 + 77*p + 44. List the prime factors of d(-5).
2, 13
Suppose -3*k + 4 = k, -2193 = -4*i - 5*k. Suppose 0 = 2*m + 4*f + 33 - i, -5*f - 10 = 0. List the prime factors of m.
3, 29
Suppose 36*p + 25*p = 53*p + 91352. List the prime factors of p.
19, 601
Let x(v) = -4*v**3 + 10*v**2 - 18*v. Let s be x(13). Let g be ((-2)/4)/(26/s). Let h = 222 - g. What are the prime factors of h?
3
Let f(u) be the second derivative of u**3/3 + 37*u**2/2 - 6*u. Let z be f(-12). Let y = 77 + z. List the prime factors of y.
2, 3, 5
Let x(i) = i**2 - i + 99. Let q be x(0). Let p = q - -186. What are the prime factors of p?
3, 5, 19
Suppose 2947392 = 153*l - 90*l. List the prime factors of l.
2, 17, 43
Suppose -7 = c - 3*v + 2, 5*v = 15. Suppose 4*n - 2*t - 158 = c, -n + 4*t + 8 + 14 = 0. Suppose -38*j = -n*j + 452. What are the prime factors of j?
113
List the prime factors of (-1 - -109)/(4/1130).
2, 3, 5, 113
Suppose 4*q - 13 = -5*n, 3*q = 4*q + 5*n - 7. Suppose 60 = q*c - 6. List the prime factors of -7617*5/(-165) - (-6)/c.
3, 7, 11
Let w be ((-90)/60)/(1/(-2)). Suppose -3*b + 6*b - i - 1362 = 0, -w*i + 2284 = 5*b. What are the prime factors of b?
5, 7, 13
Let i = -106 + 117. Let m(h) = -h**2 + 9*h - 5. Let u be m(8). Suppose -544 = u*s - i*s. List the prime factors of s.
2, 17
Let z = -1559 + 907. Let f = -56 - z. Suppose -11*a = f - 1718. List the prime factors of a.
2, 3, 17
Suppose -11*m + 12*m = -3*d + 47804, 2*d + 47799 = m. List the prime factors of m.
13, 3677
Suppose -3*n + 22*n = 14*n + 380. What are the prime factors of n?
2, 19
Suppose -3*h + 7999 = -a - 93939, 0 = -5*h - a + 169918. What are the prime factors of h?
2, 13, 1307
Let h(b) = 27*b**2 + 0*b - 5*b**2 - 2*b**3 + 20*b - 53 - 10*b. List the prime factors of h(11).
3, 19
Suppose 0 = 7*o + 4*o - 165. Let a be o/(-6)*8/(-5). Suppose a*x = 80 + 396. List the prime factors of x.
7, 17
Let q = 52 - 46. Suppose -5 = -5*h - 3*r, q*h - h = -2*r + 5. What are the prime factors of 3 + h + (130 - 7)?
127
Suppose -d - 1 = 5*n, 0 = 3*n + 2*n + 5. Let m(i) = 16 - 5*i - d - 9*i. What are the prime factors of m(-4)?
2, 17
Suppose 0 = 3*i - 997 - 1715. Let p = i - 505. List the prime factors of p.
3, 7, 19
Suppose 3*c = 10*c. Let o be (c - (-15)/(-10))/((-1)/4). List the prime factors of 4*o/4*1.
2, 3
List the prime factors of 5635/(-560) + (-3)/(-48) + 32381.
32371
Suppose q - 3*n - 4084 = 0, -n = -231*q + 227*q + 16336. What are the prime factors of q?
2, 1021
Suppose 0*c + 2*c = 0. Suppose 30156*t - 30159*t = 0. Suppose -2*q + 7*q + 4*f - 323 = c, t = -4*q + 4*f + 244. List the prime factors of q.
3, 7
Let m = -6436 + 9252. Let u = -1761 + m. List the prime factors of u.
5, 211
Suppose 2*t - 57853 = -k + 22271, 0 = -t - 5*k + 40053. What are the prime factors of t?
40063
Let q(l) = -18*l**2 - 6*l + 5. Let i be q(4). Suppose 3*u - 1352 = 4*o, -5*u + 1020 = 4*o - 1